{"id":453,"date":"2024-07-06T09:25:44","date_gmt":"2024-07-06T02:25:44","guid":{"rendered":"https:\/\/innhanhngocnguyen.com\/?post_type=product&#038;p=453"},"modified":"2025-03-16T13:38:46","modified_gmt":"2025-03-16T06:38:46","slug":"hop-giay-tui-giay-paper-box-paper-bag","status":"publish","type":"product","link":"https:\/\/innhanhngocnguyen.com\/index.php\/san-pham\/hop-giay-tui-giay-paper-box-paper-bag\/","title":{"rendered":"H\u1ed9p gi\u1ea5y &#8211; T\u00fai gi\u1ea5y &#8211; Paper box &#8211; Paper bag"},"content":{"rendered":"\t<div id=\"text-3233417799\" class=\"text\">\n\t\t\n<h3>NH\u00c3N D\u00c1N &#8211; LABELS<\/h3>\n\t\t\n<style>\n#text-3233417799 {\n  font-size: 2rem;\n  text-align: center;\n}\n<\/style>\n\t<\/div>\n\t\n<div class=\"row\"  id=\"row-1932541736\">\n\n\t<div id=\"col-1768667993\" class=\"col medium-6 small-12 large-6\"  >\n\t\t\t\t<div class=\"col-inner\"  >\n\t\t\t\n\t\t\t\n\t<div class=\"box has-hover   has-hover box-text-bottom\" >\n\n\t\t<div class=\"box-image\" >\n\t\t\t<a href=\"#\" >\t\t\t<div class=\"image-zoom image-cover\" style=\"padding-top:100%;\">\n\t\t\t\t<img fetchpriority=\"high\" decoding=\"async\" width=\"750\" height=\"600\" src=\"https:\/\/innhanhngocnguyen.com\/wp-content\/uploads\/2024\/07\/21.jpg\" class=\"attachment- size-\" alt=\"\" srcset=\"https:\/\/innhanhngocnguyen.com\/wp-content\/uploads\/2024\/07\/21.jpg 750w, https:\/\/innhanhngocnguyen.com\/wp-content\/uploads\/2024\/07\/21-300x240.jpg 300w, https:\/\/innhanhngocnguyen.com\/wp-content\/uploads\/2024\/07\/21-600x480.jpg 600w\" sizes=\"(max-width: 750px) 100vw, 750px\" \/>\t\t\t\t\t\t\t\t\t\t\t<\/div>\n\t\t\t<\/a>\t\t<\/div>\n\n\t\t<div class=\"box-text text-center\" >\n\t\t\t<div class=\"box-text-inner\">\n\t\t\t\t\n\t<div id=\"gap-1969667164\" class=\"gap-element clearfix\" style=\"display:block; height:auto;\">\n\t\t\n<style>\n#gap-1969667164 {\n  padding-top: 10px;\n}\n<\/style>\n\t<\/div>\n\t\n\t<div id=\"text-1373517173\" class=\"text\">\n\t\t\n<h3 style=\"text-align: left;\"><span style=\"color: #000000;\">H\u1ed8P GI\u1ea4Y TI\u00caU CHU\u1ea8N<\/span><\/h3>\n<p style=\"text-align: left;\"><span style=\"color: #000000;\">Ch\u1ecdn gi\u1eefa h\u1ed9p gi\u1ea5y ti\u00eau chu\u1ea9n ho\u1eb7c h\u1ed9p gi\u1ea5y t\u00f9y ch\u1ec9nh cho nhu c\u1ea7u c\u1ee7a b\u1ea1n.<\/span><\/p>\n<p style=\"text-align: left;\"><span style=\"color: #000000;\"><strong>Quy c\u00e1ch chu\u1ea9n:<\/strong><\/span><\/p>\n<p style=\"text-align: left;\"><span style=\"color: #000000;\">\u00a0 \u00a0 \u00a0K\u00edch th\u01b0\u1edbc : (Ngang x Cao x H\u00f4ng) 3 x 9 x 3 cm 15 x 5 x 10 cm,<\/span><\/p>\n<p style=\"text-align: left;\"><span style=\"color: #000000;\">10 x 8 x 10<\/span><\/p>\n<p style=\"text-align: left;\"><span style=\"color: #000000;\">\u00a0 \u00a0 \u00a0S\u1ed1 m\u1eb7t in : m\u1ed9t m\u1eb7t<\/span><\/p>\n<p style=\"text-align: left;\"><span style=\"color: #000000;\">\u00a0 \u00a0 \u00a0M\u00e0u in : CMYK<\/span><\/p>\n<p style=\"text-align: left;\"><span style=\"color: #000000;\">\u00a0 \u00a0 \u00a0Lo\u1ea1i gi\u1ea5y : Couche 300 GSM<\/span><\/p>\n<p style=\"text-align: left;\"><span style=\"color: #000000;\">\u00a0 \u00a0 \u00a0C\u00e1n m\u00e0ng : kh\u00f4ng c\u00e1n m\u00e0ng<\/span><\/p>\n<p style=\"text-align: left;\"><span style=\"color: #000000;\">\u00a0 \u00a0 \u00a0Gia c\u00f4ng : kh\u00f4ng gia c\u00f4ng<\/span><\/p>\n<p style=\"text-align: left;\"><span style=\"color: #000000;\">\u00a0 \u00a0 \u00a0S\u1ed1 l\u01b0\u1ee3ng : 100 h\u1ed9p<\/span><\/p>\n\t\t\n<style>\n#text-1373517173 {\n  font-size: 1rem;\n}\n<\/style>\n\t<\/div>\n\t\n\t\t\t<\/div>\n\t\t<\/div>\n\t<\/div>\n\t\n\t<div class=\"box has-hover   has-hover box-text-bottom\" >\n\n\t\t<div class=\"box-image\" >\n\t\t\t<a href=\"#\" >\t\t\t<div class=\"image-zoom image-cover\" style=\"padding-top:100%;\">\n\t\t\t\t<img decoding=\"async\" width=\"750\" height=\"600\" src=\"https:\/\/innhanhngocnguyen.com\/wp-content\/uploads\/2024\/07\/23.jpg\" class=\"attachment- size-\" alt=\"\" srcset=\"https:\/\/innhanhngocnguyen.com\/wp-content\/uploads\/2024\/07\/23.jpg 750w, https:\/\/innhanhngocnguyen.com\/wp-content\/uploads\/2024\/07\/23-300x240.jpg 300w, https:\/\/innhanhngocnguyen.com\/wp-content\/uploads\/2024\/07\/23-600x480.jpg 600w\" sizes=\"(max-width: 750px) 100vw, 750px\" \/>\t\t\t\t\t\t\t\t\t\t\t<\/div>\n\t\t\t<\/a>\t\t<\/div>\n\n\t\t<div class=\"box-text text-center\" >\n\t\t\t<div class=\"box-text-inner\">\n\t\t\t\t\n\t<div id=\"gap-1985599364\" class=\"gap-element clearfix\" style=\"display:block; height:auto;\">\n\t\t\n<style>\n#gap-1985599364 {\n  padding-top: 10px;\n}\n<\/style>\n\t<\/div>\n\t\n\t\t\t<\/div>\n\t\t<\/div>\n\t<\/div>\n\t\n\t\t<\/div>\n\t\t\t\t\t<\/div>\n\n\t\n\n\t<div id=\"col-347236856\" class=\"col medium-6 small-12 large-6\"  >\n\t\t\t\t<div class=\"col-inner\"  >\n\t\t\t\n\t\t\t\n\t<div class=\"box has-hover   has-hover box-text-bottom\" >\n\n\t\t<div class=\"box-image\" >\n\t\t\t<a href=\"#\" >\t\t\t<div class=\"image-zoom image-cover\" style=\"padding-top:100%;\">\n\t\t\t\t<img decoding=\"async\" width=\"750\" height=\"600\" src=\"https:\/\/innhanhngocnguyen.com\/wp-content\/uploads\/2024\/07\/24.jpg\" class=\"attachment- size-\" alt=\"\" srcset=\"https:\/\/innhanhngocnguyen.com\/wp-content\/uploads\/2024\/07\/24.jpg 750w, https:\/\/innhanhngocnguyen.com\/wp-content\/uploads\/2024\/07\/24-300x240.jpg 300w, https:\/\/innhanhngocnguyen.com\/wp-content\/uploads\/2024\/07\/24-600x480.jpg 600w\" sizes=\"(max-width: 750px) 100vw, 750px\" \/>\t\t\t\t\t\t\t\t\t\t\t<\/div>\n\t\t\t<\/a>\t\t<\/div>\n\n\t\t<div class=\"box-text text-center\" >\n\t\t\t<div class=\"box-text-inner\">\n\t\t\t\t\n\t<div id=\"gap-312853381\" class=\"gap-element clearfix\" style=\"display:block; height:auto;\">\n\t\t\n<style>\n#gap-312853381 {\n  padding-top: 10px;\n}\n<\/style>\n\t<\/div>\n\t\n\t<div id=\"text-1811451037\" class=\"text\">\n\t\t\n<h3 style=\"text-align: left;\"><span style=\"color: #000000;\">H\u1ed8P GI\u1ea4Y M\u1ef8 THU\u1eacT<\/span><\/h3>\n<p style=\"text-align: left;\"><span style=\"color: #000000;\">N\u00e2ng c\u1ea5p t\u1ed1i \u0111a ch\u1ea5t l\u01b0\u1ee3ng h\u1ed9p gi\u1ea5y b\u1eb1ng lo\u1ea1i gi\u1ea5y m\u1ef9 thu\u1eadt cao c\u1ea5p v\u00e0 gia c\u00f4ng chi ti\u1ebft.<\/span><\/p>\n<p style=\"text-align: left;\"><span style=\"color: #000000;\"><strong>Quy c\u00e1ch:<\/strong><\/span><\/p>\n<p style=\"text-align: left;\"><span style=\"color: #000000;\">\u00a0 \u00a0 \u00a0K\u00edch th\u01b0\u1edbc : (Ngang x Cao x H\u00f4ng) 3x9x3 cm, 15x5x10 cm,<\/span><\/p>\n<p style=\"text-align: left;\"><span style=\"color: #000000;\">10x8x10 cm <\/span><span style=\"color: #000000;\">ho\u1eb7c t\u00f9y ch\u1ecdn<\/span><\/p>\n<p style=\"text-align: left;\"><span style=\"color: #000000;\">\u00a0 \u00a0 S\u1ed1 m\u1eb7t in : m\u1ed9t m\u1eb7t<\/span><\/p>\n<p style=\"text-align: left;\"><span style=\"color: #000000;\">\u00a0 \u00a0 \u00a0M\u00e0u in : CMYK ho\u1eb7c m\u1ed9t m\u00e0u<\/span><\/p>\n<p style=\"text-align: left;\"><span style=\"color: #000000;\">\u00a0 \u00a0 \u00a0Lo\u1ea1i gi\u1ea5y : gi\u1ea5y m\u1ef9 thu\u1eadt<\/span><\/p>\n<p style=\"text-align: left;\"><span style=\"color: #000000;\">\u00a0 \u00a0 \u00a0C\u00e1n m\u00e0ng : kh\u00f4ng c\u00e1n m\u00e0ng<\/span><\/p>\n<p style=\"text-align: left;\"><span style=\"color: #000000;\">\u00a0 \u00a0 Gia c\u00f4ng : \u00e9p kim\/ d\u1eadp n\u1ed5i\/ ph\u1ee7 UV \u2026 kh\u00f4ng gia c\u00f4ng<\/span><\/p>\n<p style=\"text-align: left;\"><span style=\"color: #000000;\">\u00a0 \u00a0 \u00a0S\u1ed1 l\u01b0\u1ee3ng : t\u00f9y ch\u1ecdn<\/span><\/p>\n\t\t\n<style>\n#text-1811451037 {\n  font-size: 1rem;\n}\n<\/style>\n\t<\/div>\n\t\n\t\t\t<\/div>\n\t\t<\/div>\n\t<\/div>\n\t\n\t<div id=\"gap-1392671216\" class=\"gap-element clearfix\" style=\"display:block; height:auto;\">\n\t\t\n<style>\n#gap-1392671216 {\n  padding-top: 30px;\n}\n<\/style>\n\t<\/div>\n\t\n\t<div id=\"text-294333397\" class=\"text\">\n\t\t\n<h3 style=\"text-align: left;\"><span style=\"color: #000000;\">H\u1ed8P GI\u1ea4Y KRAFT<\/span><\/h3>\n<p style=\"text-align: left;\"><span style=\"color: #000000;\"><strong>Vi\u1ec7c k\u1ebft h\u1ee3p gi\u1eefa s\u1ef1 s\u00e1ng t\u1ea1o thi\u1ebft k\u1ebf v\u00e0 s\u1ef1 th\u00e2n thi\u1ec7n m\u00f4i tr\u01b0\u1eddng \u0111\u00f3 ch\u00ednh l\u00e0 s\u1eed d\u1ee5ng nh\u00e3n d\u00e1n gi\u1ea5y Kraft.<\/strong><\/span><\/p>\n<p style=\"text-align: left;\"><span style=\"color: #000000;\"><strong>Quy c\u00e1ch:<\/strong><\/span><\/p>\n<p style=\"text-align: left;\"><span style=\"color: #000000;\">\u00a0 \u00a0 \u00a0K\u00edch th\u01b0\u1edbc : (Ngang x Cao x H\u00f4ng) 3x9x3 cm, 15x5x10 cm,<\/span><\/p>\n<p style=\"text-align: left;\"><span style=\"color: #000000;\">10x8x10 cm ho\u1eb7c t\u00f9y ch\u1ecdn<\/span><\/p>\n<p style=\"text-align: left;\"><span style=\"color: #000000;\">\u00a0 \u00a0 \u00a0S\u1ed1 m\u1eb7t in : m\u1ed9t m\u1eb7t<\/span><\/p>\n<p style=\"text-align: left;\"><span style=\"color: #000000;\">\u00a0 \u00a0 \u00a0M\u00e0u in : CMYK ho\u1eb7c m\u1ed9t m\u00e0u<\/span><\/p>\n<p style=\"text-align: left;\"><span style=\"color: #000000;\">\u00a0 \u00a0 \u00a0Lo\u1ea1i gi\u1ea5y : Kraft ho\u1eb7c gi\u1ea5y t\u00e1i ch\u1ebf<\/span><\/p>\n<p style=\"text-align: left;\"><span style=\"color: #000000;\">\u00a0 \u00a0 \u00a0C\u00e1n m\u00e0ng : kh\u00f4ng c\u00e1n m\u00e0ng<\/span><\/p>\n<p style=\"text-align: left;\"><span style=\"color: #000000;\">\u00a0 \u00a0 \u00a0Gia c\u00f4ng : \u00e9p kim\/ d\u1eadp n\u1ed5i\/ ph\u1ee7 UV \u2026 kh\u00f4ng gia c\u00f4ng<\/span><\/p>\n<p style=\"text-align: left;\"><span style=\"color: #000000;\">\u00a0 \u00a0 \u00a0S\u1ed1 l\u01b0\u1ee3ng : t\u00f9y ch\u1ecdn<\/span><\/p>\n\t\t\n<style>\n#text-294333397 {\n  font-size: 1rem;\n  line-height: 1.2;\n}\n<\/style>\n\t<\/div>\n\t\n\t\t<\/div>\n\t\t\t\t\t<\/div>\n\n\t\n<\/div>\n","protected":false},"excerpt":{"rendered":"<p><strong>Ng\u1ecdc Nguy\u00ean cung c\u1ea5p nhi\u1ec1u l\u1ef1a ch\u1ecdn v\u1ec1 ch\u1ea5t li\u1ec7u, h\u00ecnh d\u1ea1ng &amp; ho\u00e0n thi\u1ec7n in \u0111\u1ec3 t\u1ea1o ra h\u1ed9p gi\u1ea5y.<\/strong><br \/>\n<strong>Quy c\u00e1ch t\u00f9y ch\u1ec9nh:<\/strong><br \/>\nK\u00edch th\u01b0\u1edbc : (Ngang x Cao x H\u00f4ng) 3x9x3 cm, 15x5x10 cm, 10x8x10 cm ho\u1eb7c t\u00f9y ch\u1ecdn<br \/>\nS\u1ed1 m\u1eb7t in : m\u1ed9t m\u1eb7t<br \/>\nM\u00e0u in : CMYK ho\u1eb7c m\u1ed9t m\u00e0u<br \/>\nLo\u1ea1i gi\u1ea5y : t\u00f9y ch\u1ecdn gi\u1ea5y th\u00f4ng d\u1ee5ng (Couche\/ Bristol\/ Ford)<br \/>\nC\u00e1n m\u00e0ng : c\u00e1n m\u00e0ng ho\u1eb7c kh\u00f4ng c\u00e1n m\u00e0ng<br \/>\nGia c\u00f4ng : \u00e9p kim\/ d\u1eadp n\u1ed5i\/ ph\u1ee7 UV \u2026 kh\u00f4ng gia c\u00f4ng<br \/>\nS\u1ed1 l\u01b0\u1ee3ng : t\u00f9y ch\u1ecdn<\/p>\n","protected":false},"featured_media":467,"comment_status":"closed","ping_status":"closed","template":"","meta":[],"product_brand":[],"product_cat":[23],"product_tag":[],"class_list":{"0":"post-453","1":"product","2":"type-product","3":"status-publish","4":"has-post-thumbnail","6":"product_cat-in-nhanh","8":"first","9":"instock","10":"shipping-taxable","11":"product-type-simple"},"_links":{"self":[{"href":"https:\/\/innhanhngocnguyen.com\/index.php\/wp-json\/wp\/v2\/product\/453","targetHints":{"allow":["GET"]}}],"collection":[{"href":"https:\/\/innhanhngocnguyen.com\/index.php\/wp-json\/wp\/v2\/product"}],"about":[{"href":"https:\/\/innhanhngocnguyen.com\/index.php\/wp-json\/wp\/v2\/types\/product"}],"replies":[{"embeddable":true,"href":"https:\/\/innhanhngocnguyen.com\/index.php\/wp-json\/wp\/v2\/comments?post=453"}],"wp:featuredmedia":[{"embeddable":true,"href":"https:\/\/innhanhngocnguyen.com\/index.php\/wp-json\/wp\/v2\/media\/467"}],"wp:attachment":[{"href":"https:\/\/innhanhngocnguyen.com\/index.php\/wp-json\/wp\/v2\/media?parent=453"}],"wp:term":[{"taxonomy":"product_brand","embeddable":true,"href":"https:\/\/innhanhngocnguyen.com\/index.php\/wp-json\/wp\/v2\/product_brand?post=453"},{"taxonomy":"product_cat","embeddable":true,"href":"https:\/\/innhanhngocnguyen.com\/index.php\/wp-json\/wp\/v2\/product_cat?post=453"},{"taxonomy":"product_tag","embeddable":true,"href":"https:\/\/innhanhngocnguyen.com\/index.php\/wp-json\/wp\/v2\/product_tag?post=453"}],"curies":[{"name":"wp","href":"https:\/\/api.w.org\/{rel}","templated":true}]}}